{"id":11779,"date":"2013-03-15T12:36:27","date_gmt":"2013-03-15T12:36:27","guid":{"rendered":"http:\/\/lawyers-attorneys.vamtam.com\/?page_id=4"},"modified":"2025-09-06T22:06:34","modified_gmt":"2025-09-06T21:06:34","slug":"home","status":"publish","type":"page","link":"https:\/\/pomocprawna-kancelariajanczak.pl\/","title":{"rendered":"Kancelaria Adrianna Ja\u0144czak"},"content":{"rendered":"<div class=\"row \"><div class=\"wpv-grid grid-1-2  wpv-first-level first unextended\" style=\"padding-top:0px;padding-bottom:0px\" id=\"wpv-column-1966c76607639b5a1694e155f07b906e\" ><div class=\"push\" style='height:50px'><\/div>\n<div class=\"row \"><div class=\"wpv-grid grid-1-1  first unextended animation-from-bottom animated-active\" style=\"padding-top:0px;padding-bottom:0px\" id=\"wpv-column-db5352a2b8758b15a7c7acc27e70a036\" ><h2>Adwokat Adrianna Ja\u0144czak<\/h2>\n<p>Za\u0142o\u017cycielka Kancelarii, prawnik z wieloletnim do\u015bwiadczeniem. Adwokat Adrianna Ja\u0144czak studiowa\u0142a prawo na Uniwersytecie im. Adama Mickiewicza Wydzia\u0142 Prawa i Administracji w Poznaniu. Stypendystka Rektora. Obroni\u0142a w 2019 roku prac\u0119 magistersk\u0105 pt.: \u201eBrak zgody pacjenta na leczenie a stan wy\u017cszej konieczno\u015bci w zakresie odpowiedzialno\u015bci karnej lekarza\u201d. Odby\u0142a aplikacj\u0119 adwokack\u0105 przy Okr\u0119gowej Radzie Adwokackiej w Poznaniu. Jest Cz\u0142onkiem Wielkopolskiej Izby Adwokackiej w Poznaniu. Mediator, wpisana na list\u0119 sta\u0142ych Mediator\u00f3w przy S\u0105dzie Okr\u0119gowym w Poznaniu oraz Kaliszu.<\/p>\n<p>Kancelaria Adwokacka Adwokat Adrianny Ja\u0144czak zapewnia kompleksow\u0105 pomoc prawn\u0105 zar\u00f3wno klientom indywidualnym, jak i przedsi\u0119biorcom. Adwokat Adrianna Ja\u0144czak dzi\u0119ki uzyskanej wiedzy oraz praktycznemu do\u015bwiadczeniu zdobytemu na prze\u0142omie lat w renomowanych pozna\u0144skich kancelariach \u015bwiadczy pomoc prawn\u0105 na najwy\u017cszym poziomie udzielaj\u0105c porad prawnych z r\u00f3\u017cnych dziedzin prawa.<\/div><\/div>\n<div class=\"row \"><div class=\"wpv-grid grid-1-1  first unextended\" style=\"padding-top:0px;padding-bottom:0px\" id=\"wpv-column-c04b0b47e345dc83df140c6bb49ac157\" ><h2>Zakres us\u0142ug<\/h2>\n<p><strong>Prawo cywilne<\/strong><\/p>\n<ul>\n<li>prawo rzeczowe,<\/li>\n<li>sprawy o\u00a0zap\u0142at\u0119.<\/li>\n<\/ul>\n<p><strong>Prawo spadkowe<\/strong><\/p>\n<ul>\n<li>stwierdzenie nabycia spadku,<\/li>\n<li>odrzucenie spadku,<\/li>\n<li>podwa\u017cenie testamentu,<\/li>\n<li>dzia\u0142 spadku,<\/li>\n<li>dochodzenie zachowku.<\/li>\n<\/ul>\n<p><strong>Prawo rodzinne<\/strong><\/p>\n<ul>\n<li>rozw\u00f3d,<\/li>\n<li>separacja,<\/li>\n<li>podzia\u0142 maj\u0105tku wsp\u00f3lnego ma\u0142\u017conk\u00f3w,<\/li>\n<li>ustanowienie rozdzielno\u015bci maj\u0105tkowej,<\/li>\n<li>powierzenie, ograniczenie oraz pozbawienie w\u0142adzy rodzicielskiej nad\u00a0ma\u0142oletnimi dzie\u0107mi,<\/li>\n<li>uregulowanie kontakt\u00f3w pomi\u0119dzy rodzicami a\u00a0ma\u0142oletnimi dzie\u0107mi,<\/li>\n<li>ustalenie lub zmiana wysoko\u015bci aliment\u00f3w,<\/li>\n<li>ustalenie i zaprzeczenie ojcostwa,<\/li>\n<li>zgoda na rozporz\u0105dzenie maj\u0105tkiem ma\u0142oletniego dziecka.<\/li>\n<\/ul>\n<p><strong>Prawo karne<\/strong><\/p>\n<ul>\n<li>post\u0119powanie przygotowawcze prowadzone przez\u00a0Policj\u0119, Prokuratur\u0119 lub inne organy \u015bcigania,<\/li>\n<li>post\u0119powanie s\u0105dowe,<\/li>\n<li>obrona oskar\u017conych,<\/li>\n<li>reprezentacja poszkodowanych.<\/li>\n<\/ul>\n<p><strong>Prawo pracy<\/strong><\/p>\n<ul>\n<li>zwolnienia,<\/li>\n<li>dyskryminacja,<\/li>\n<li>mobbing,<\/li>\n<li>zakaz konkurencji.<\/li>\n<\/ul>\n<p><strong>Prawo medyczne (b\u0142\u0119dy lekarskie) i odszkodowania <\/strong><\/p>\n<ul>\n<li>odszkodowania komunikacyjne,<\/li>\n<li>odszkodowania maj\u0105tkowe,<\/li>\n<li>odszkodowania wypadkowe,<\/li>\n<li>zado\u015b\u0107uczynienia,<\/li>\n<li>reprezentacja poszkodowanych w sprawach odszkodowa\u0144 za b\u0142\u0119dy lekarskie,<\/li>\n<li>reprezentacja poszkodowanych w sprawach odszkodowa\u0144 za wypadki komunikacyjne oraz wypadki przy pracy,<\/li>\n<\/ul>\n<p><strong>Windykacja nale\u017cno\u015bci<\/strong><\/p>\n<ul>\n<li>dochodzenie roszcze\u0144.<\/li>\n<\/ul>\n<p><strong>Kompleksowa obs\u0142uga podmiot\u00f3w gospodarczych oraz sp\u00f3\u0142ek <\/strong><\/p>\n<ul>\n<li>sprawy o\u00a0zap\u0142at\u0119,<\/li>\n<li>odszkodowania,<\/li>\n<li>rejestracja sp\u00f3\u0142ek i jednoosobowych dzia\u0142alno\u015bci gospodarczych,<\/li>\n<li>reprezentowanie przedsi\u0119biorc\u00f3w w post\u0119powaniu gospodarczym przed s\u0105dami powszechnymi,<\/li>\n<li>przygotowywanie i opiniowanie projekt\u00f3w um\u00f3w, statut\u00f3w sp\u00f3\u0142ek, stowarzysze\u0144 i fundacji,<\/li>\n<li>uczestnictwo w negocjacjach i mediacjach.<\/li>\n<\/ul>\n<p><strong>Sprawy z zakresu obrotu nieruchomo\u015bciami<\/strong><\/p>\n<ul>\n<li>doradztwo w zakresie zawierania um\u00f3w kupna lub sprzeda\u017cy nieruchomo\u015bci, najmu, dzier\u017cawy, do\u017cywocia,<\/li>\n<li>analiza stanu prawnego nieruchomo\u015bci,<\/li>\n<li>ustanawianie i znoszenie hipotek,<\/li>\n<li>sprawy wieczystoksi\u0119gowe.<\/li>\n<\/ul><\/div><\/div><\/div>\n<div class=\"wpv-grid grid-1-2  wpv-first-level unextended\" style=\"padding-top:0px;padding-bottom:0px\" id=\"wpv-column-b9be5fd06ac9c8345c9bc35df5619db8\" ><div class=\"push\" style='height:50px'><\/div>\n<div class=\"row \"><div class=\"wpv-grid grid-1-1  first unextended animation-from-bottom animated-active\" style=\"padding-top:0px;padding-bottom:0px\" id=\"wpv-column-df23a7a83b848cc4fda8f0aa609854d8\" ><h2>Zasady wsp\u00f3\u0142pracy<\/h2>\n<p>Kancelaria Adwokacka Adwokat Adrianny Ja\u0144czak oferuje r\u00f3\u017cne formy wsp\u00f3\u0142pracy, kt\u00f3re dostosowuje indywidualnie do potrzeb oraz oczekiwa\u0144 swoich Klient\u00f3w. Adwokat Adrianna Ja\u0144czak udziela pomocy prawnej w ramach jednorazowego zlecenia, porady prawnej a tak\u017ce w zakresie sta\u0142ej obs\u0142ugi prawnej.<\/div><\/div>\n<div class=\"row \"><div class=\"wpv-grid grid-1-1  first unextended animation-from-bottom animated-active\" style=\"padding-top:0px;padding-bottom:0px\" id=\"wpv-column-5dfcde1f155837dcefa0b7b3e8c93049\" ><p><img loading=\"lazy\" decoding=\"async\" class=\"alignnone size-large wp-image-987717\" src=\"https:\/\/pomocprawna-kancelariajanczak.pl\/wp-content\/uploads\/2025\/01\/4N5A9119-683x1024.jpg\" alt=\"\" width=\"683\" height=\"1024\" srcset=\"https:\/\/pomocprawna-kancelariajanczak.pl\/wp-content\/uploads\/2025\/01\/4N5A9119-683x1024.jpg 683w, https:\/\/pomocprawna-kancelariajanczak.pl\/wp-content\/uploads\/2025\/01\/4N5A9119-200x300.jpg 200w, https:\/\/pomocprawna-kancelariajanczak.pl\/wp-content\/uploads\/2025\/01\/4N5A9119-768x1152.jpg 768w, https:\/\/pomocprawna-kancelariajanczak.pl\/wp-content\/uploads\/2025\/01\/4N5A9119-1024x1536.jpg 1024w, https:\/\/pomocprawna-kancelariajanczak.pl\/wp-content\/uploads\/2025\/01\/4N5A9119-1365x2048.jpg 1365w, https:\/\/pomocprawna-kancelariajanczak.pl\/wp-content\/uploads\/2025\/01\/4N5A9119-1140x1710.jpg 1140w, https:\/\/pomocprawna-kancelariajanczak.pl\/wp-content\/uploads\/2025\/01\/4N5A9119-555x833.jpg 555w, https:\/\/pomocprawna-kancelariajanczak.pl\/wp-content\/uploads\/2025\/01\/4N5A9119-360x540.jpg 360w, https:\/\/pomocprawna-kancelariajanczak.pl\/wp-content\/uploads\/2025\/01\/4N5A9119-262x393.jpg 262w, https:\/\/pomocprawna-kancelariajanczak.pl\/wp-content\/uploads\/2025\/01\/4N5A9119-scaled.jpg 1707w\" sizes=\"auto, (max-width: 683px) 100vw, 683px\" \/><\/div><\/div>\n<div class=\"row \"><div class=\"wpv-grid grid-1-1  first unextended animation-from-bottom animated-active\" style=\"padding-top:0px;padding-bottom:0px\" id=\"wpv-column-527d488da694d647796defe7e28f8542\" ><p><strong>System wynagrodzenia kwotowego<\/strong><\/p>\n<p>Adwokat Adrianna Ja\u0144czak ka\u017cdorazowo ustala indywidualnie wraz z klientem konkretn\u0105 kwot\u0119 wynagrodzenia za realizacj\u0119 okre\u015blonego zlecenia. Ustalaj\u0105c wysoko\u015b\u0107 wynagrodzenia uwzgl\u0119dnia m.in. rodzaj zlecenia, zakres prac, stopie\u0144 skomplikowania, wymiar czasu oraz ilo\u015b\u0107 dostarczonych przez Klienta materia\u0142\u00f3w.<\/p>\n<p><strong>System wynagrodzenia zrycza\u0142towanego<\/strong><\/p>\n<p>Ustalany jest zawsze indywidualnie z klientem, najcz\u0119\u015bciej przyjmuj\u0105c miesi\u0119czny rycza\u0142t. Powy\u017cszy system jest stosowany w g\u0142\u00f3wnej mierze przy sta\u0142ej obs\u0142udze prawnej.<\/p>\n<p><strong>System rozliczenia godzinowego<\/strong><\/p>\n<p>W przypadku systemu rozliczenia godzinowego wysoko\u015b\u0107 wynagrodzenia zale\u017cy od ilo\u015bci czasu niezb\u0119dnego do wykonania zlecenia oraz ustalonej z klientem stawki godzinowej. System ten jest najcz\u0119\u015bciej stosowany w przypadku, gdy z g\u00f3ry mo\u017cna ustali\u0107 ilo\u015b\u0107 godzin, kt\u00f3ra pozwoli wykona\u0107 zlecenie.<\/p>\n<p><strong>Premia za sukces (success fee)<\/strong><\/p>\n<p>Tego typu wynagrodzenie sk\u0142ada si\u0119 z dw\u00f3ch cz\u0119\u015bci. Pierwsza cz\u0119\u015b\u0107 wynagrodzenia to podstawa kwoty, kt\u00f3ra przys\u0142uguje za wykonanie danej czynno\u015bci obliczana zgodnie z systemem wynagradzania. Z kolei druga cz\u0119\u015b\u0107 wynagrodzenia zale\u017cy od pozytywnego efektu, a tak\u017ce ustalonego wcze\u015bniej wska\u017anika wyra\u017conego w procentach.<\/p>\n<p><em>W celu uzyskania szacunkowej wyceny wynagrodzenia prosz\u0119 o kontakt telefoniczny pod numerem tel. kom. +48695899393 lub z\u0142o\u017cenie zapytania za po\u015brednictwem wiadomo\u015bci e-mail: kontakt@pomocprawna-kancelariajanczak.pl<\/em><\/div><\/div><\/div><\/div>\n<div class=\"push\" style='height:40px'><\/div>\n<div class=\"row \"><div class=\"wpv-grid grid-1-1  wpv-first-level first unextended\" style=\"padding-top:0px;padding-bottom:0px\" id=\"wpv-column-401dfd8228b6ca2eae09b89d540ef593\" ><\/div><\/div>\n","protected":false},"excerpt":{"rendered":"<p>Adwokat Adrianna Ja\u0144czak Za\u0142o\u017cycielka Kancelarii, prawnik z wieloletnim do\u015bwiadczeniem. Adwokat Adrianna Ja\u0144czak studiowa\u0142a prawo na Uniwersytecie im. Adama Mickiewicza Wydzia\u0142 Prawa i Administracji w Poznaniu. Stypendystka Rektora. Obroni\u0142a w 2019 roku prac\u0119 magistersk\u0105 pt.: \u201eBrak zgody pacjenta na leczenie a stan wy\u017cszej konieczno\u015bci w zakresie odpowiedzialno\u015bci karnej lekarza\u201d. Odby\u0142a aplikacj\u0119 adwokack\u0105 przy Okr\u0119gowej Radzie Adwokackiej&#8230;<\/p>\n","protected":false},"author":1,"featured_media":0,"parent":11,"menu_order":0,"comment_status":"closed","ping_status":"closed","template":"","meta":{"footnotes":""},"class_list":["post-11779","page","type-page","status-publish","hentry"],"yoast_head":"<!-- This site is optimized with the Yoast SEO plugin v25.7 - https:\/\/yoast.com\/wordpress\/plugins\/seo\/ -->\n<title>Kancelaria Adrianna Ja\u0144czak - Kancelaria Ja\u0144czak<\/title>\n<meta name=\"robots\" content=\"index, follow, max-snippet:-1, max-image-preview:large, max-video-preview:-1\" \/>\n<link rel=\"canonical\" href=\"https:\/\/pomocprawna-kancelariajanczak.pl\/\" \/>\n<meta property=\"og:locale\" content=\"pl_PL\" \/>\n<meta property=\"og:type\" content=\"article\" \/>\n<meta property=\"og:title\" content=\"Kancelaria Adrianna Ja\u0144czak - Kancelaria Ja\u0144czak\" \/>\n<meta property=\"og:description\" content=\"Adwokat Adrianna Ja\u0144czak Za\u0142o\u017cycielka Kancelarii, prawnik z wieloletnim do\u015bwiadczeniem. Adwokat Adrianna Ja\u0144czak studiowa\u0142a prawo na Uniwersytecie im. Adama Mickiewicza Wydzia\u0142 Prawa i Administracji w Poznaniu. Stypendystka Rektora. Obroni\u0142a w 2019 roku prac\u0119 magistersk\u0105 pt.: \u201eBrak zgody pacjenta na leczenie a stan wy\u017cszej konieczno\u015bci w zakresie odpowiedzialno\u015bci karnej lekarza\u201d. Odby\u0142a aplikacj\u0119 adwokack\u0105 przy Okr\u0119gowej Radzie Adwokackiej...\" \/>\n<meta property=\"og:url\" content=\"https:\/\/pomocprawna-kancelariajanczak.pl\/\" \/>\n<meta property=\"og:site_name\" content=\"Kancelaria Ja\u0144czak\" \/>\n<meta property=\"article:modified_time\" content=\"2025-09-06T21:06:34+00:00\" \/>\n<meta property=\"og:image\" content=\"https:\/\/pomocprawna-kancelariajanczak.pl\/wp-content\/uploads\/2025\/01\/4N5A9119-scaled.jpg\" \/>\n\t<meta property=\"og:image:width\" content=\"1707\" \/>\n\t<meta property=\"og:image:height\" content=\"2560\" \/>\n\t<meta property=\"og:image:type\" content=\"image\/jpeg\" \/>\n<meta name=\"twitter:card\" content=\"summary_large_image\" \/>\n<meta name=\"twitter:label1\" content=\"Szacowany czas czytania\" \/>\n\t<meta name=\"twitter:data1\" content=\"5 minut\" \/>\n<script type=\"application\/ld+json\" class=\"yoast-schema-graph\">{\"@context\":\"https:\/\/schema.org\",\"@graph\":[{\"@type\":\"WebPage\",\"@id\":\"https:\/\/pomocprawna-kancelariajanczak.pl\/\",\"url\":\"https:\/\/pomocprawna-kancelariajanczak.pl\/\",\"name\":\"Kancelaria Adrianna Ja\u0144czak - Kancelaria Ja\u0144czak\",\"isPartOf\":{\"@id\":\"https:\/\/pomocprawna-kancelariajanczak.pl\/#website\"},\"primaryImageOfPage\":{\"@id\":\"https:\/\/pomocprawna-kancelariajanczak.pl\/#primaryimage\"},\"image\":{\"@id\":\"https:\/\/pomocprawna-kancelariajanczak.pl\/#primaryimage\"},\"thumbnailUrl\":\"https:\/\/pomocprawna-kancelariajanczak.pl\/wp-content\/uploads\/2025\/01\/4N5A9119-683x1024.jpg\",\"datePublished\":\"2013-03-15T12:36:27+00:00\",\"dateModified\":\"2025-09-06T21:06:34+00:00\",\"breadcrumb\":{\"@id\":\"https:\/\/pomocprawna-kancelariajanczak.pl\/#breadcrumb\"},\"inLanguage\":\"pl-PL\",\"potentialAction\":[{\"@type\":\"ReadAction\",\"target\":[\"https:\/\/pomocprawna-kancelariajanczak.pl\/\"]}]},{\"@type\":\"ImageObject\",\"inLanguage\":\"pl-PL\",\"@id\":\"https:\/\/pomocprawna-kancelariajanczak.pl\/#primaryimage\",\"url\":\"https:\/\/pomocprawna-kancelariajanczak.pl\/wp-content\/uploads\/2025\/01\/4N5A9119-scaled.jpg\",\"contentUrl\":\"https:\/\/pomocprawna-kancelariajanczak.pl\/wp-content\/uploads\/2025\/01\/4N5A9119-scaled.jpg\",\"width\":1707,\"height\":2560},{\"@type\":\"BreadcrumbList\",\"@id\":\"https:\/\/pomocprawna-kancelariajanczak.pl\/#breadcrumb\",\"itemListElement\":[{\"@type\":\"ListItem\",\"position\":1,\"name\":\"Strona g\u0142\u00f3wna\",\"item\":\"https:\/\/pomocprawna-kancelariajanczak.pl\/\"},{\"@type\":\"ListItem\",\"position\":2,\"name\":\"Home Layouts\",\"item\":\"https:\/\/pomocprawna-kancelariajanczak.pl\/index.php\/home-layouts\/\"},{\"@type\":\"ListItem\",\"position\":3,\"name\":\"Kancelaria Adrianna Ja\u0144czak\"}]},{\"@type\":\"WebSite\",\"@id\":\"https:\/\/pomocprawna-kancelariajanczak.pl\/#website\",\"url\":\"https:\/\/pomocprawna-kancelariajanczak.pl\/\",\"name\":\"Kancelaria Adwokacka Adrianna Ja\u0144czak\",\"description\":\"Pomoc prawna\",\"publisher\":{\"@id\":\"https:\/\/pomocprawna-kancelariajanczak.pl\/#organization\"},\"potentialAction\":[{\"@type\":\"SearchAction\",\"target\":{\"@type\":\"EntryPoint\",\"urlTemplate\":\"https:\/\/pomocprawna-kancelariajanczak.pl\/?s={search_term_string}\"},\"query-input\":{\"@type\":\"PropertyValueSpecification\",\"valueRequired\":true,\"valueName\":\"search_term_string\"}}],\"inLanguage\":\"pl-PL\"},{\"@type\":\"Organization\",\"@id\":\"https:\/\/pomocprawna-kancelariajanczak.pl\/#organization\",\"name\":\"Kancelaria Adwokacka Adrianna Ja\u0144czak\",\"url\":\"https:\/\/pomocprawna-kancelariajanczak.pl\/\",\"logo\":{\"@type\":\"ImageObject\",\"inLanguage\":\"pl-PL\",\"@id\":\"https:\/\/pomocprawna-kancelariajanczak.pl\/#\/schema\/logo\/image\/\",\"url\":\"https:\/\/pomocprawna-kancelariajanczak.pl\/wp-content\/uploads\/2025\/01\/cropped-logo_AJ.png\",\"contentUrl\":\"https:\/\/pomocprawna-kancelariajanczak.pl\/wp-content\/uploads\/2025\/01\/cropped-logo_AJ.png\",\"width\":512,\"height\":512,\"caption\":\"Kancelaria Adwokacka Adrianna Ja\u0144czak\"},\"image\":{\"@id\":\"https:\/\/pomocprawna-kancelariajanczak.pl\/#\/schema\/logo\/image\/\"}}]}<\/script>\n<!-- \/ Yoast SEO plugin. -->","yoast_head_json":{"title":"Kancelaria Adrianna Ja\u0144czak - Kancelaria Ja\u0144czak","robots":{"index":"index","follow":"follow","max-snippet":"max-snippet:-1","max-image-preview":"max-image-preview:large","max-video-preview":"max-video-preview:-1"},"canonical":"https:\/\/pomocprawna-kancelariajanczak.pl\/","og_locale":"pl_PL","og_type":"article","og_title":"Kancelaria Adrianna Ja\u0144czak - Kancelaria Ja\u0144czak","og_description":"Adwokat Adrianna Ja\u0144czak Za\u0142o\u017cycielka Kancelarii, prawnik z wieloletnim do\u015bwiadczeniem. Adwokat Adrianna Ja\u0144czak studiowa\u0142a prawo na Uniwersytecie im. Adama Mickiewicza Wydzia\u0142 Prawa i Administracji w Poznaniu. Stypendystka Rektora. Obroni\u0142a w 2019 roku prac\u0119 magistersk\u0105 pt.: \u201eBrak zgody pacjenta na leczenie a stan wy\u017cszej konieczno\u015bci w zakresie odpowiedzialno\u015bci karnej lekarza\u201d. Odby\u0142a aplikacj\u0119 adwokack\u0105 przy Okr\u0119gowej Radzie Adwokackiej...","og_url":"https:\/\/pomocprawna-kancelariajanczak.pl\/","og_site_name":"Kancelaria Ja\u0144czak","article_modified_time":"2025-09-06T21:06:34+00:00","og_image":[{"width":1707,"height":2560,"url":"https:\/\/pomocprawna-kancelariajanczak.pl\/wp-content\/uploads\/2025\/01\/4N5A9119-scaled.jpg","type":"image\/jpeg"}],"twitter_card":"summary_large_image","twitter_misc":{"Szacowany czas czytania":"5 minut"},"schema":{"@context":"https:\/\/schema.org","@graph":[{"@type":"WebPage","@id":"https:\/\/pomocprawna-kancelariajanczak.pl\/","url":"https:\/\/pomocprawna-kancelariajanczak.pl\/","name":"Kancelaria Adrianna Ja\u0144czak - Kancelaria Ja\u0144czak","isPartOf":{"@id":"https:\/\/pomocprawna-kancelariajanczak.pl\/#website"},"primaryImageOfPage":{"@id":"https:\/\/pomocprawna-kancelariajanczak.pl\/#primaryimage"},"image":{"@id":"https:\/\/pomocprawna-kancelariajanczak.pl\/#primaryimage"},"thumbnailUrl":"https:\/\/pomocprawna-kancelariajanczak.pl\/wp-content\/uploads\/2025\/01\/4N5A9119-683x1024.jpg","datePublished":"2013-03-15T12:36:27+00:00","dateModified":"2025-09-06T21:06:34+00:00","breadcrumb":{"@id":"https:\/\/pomocprawna-kancelariajanczak.pl\/#breadcrumb"},"inLanguage":"pl-PL","potentialAction":[{"@type":"ReadAction","target":["https:\/\/pomocprawna-kancelariajanczak.pl\/"]}]},{"@type":"ImageObject","inLanguage":"pl-PL","@id":"https:\/\/pomocprawna-kancelariajanczak.pl\/#primaryimage","url":"https:\/\/pomocprawna-kancelariajanczak.pl\/wp-content\/uploads\/2025\/01\/4N5A9119-scaled.jpg","contentUrl":"https:\/\/pomocprawna-kancelariajanczak.pl\/wp-content\/uploads\/2025\/01\/4N5A9119-scaled.jpg","width":1707,"height":2560},{"@type":"BreadcrumbList","@id":"https:\/\/pomocprawna-kancelariajanczak.pl\/#breadcrumb","itemListElement":[{"@type":"ListItem","position":1,"name":"Strona g\u0142\u00f3wna","item":"https:\/\/pomocprawna-kancelariajanczak.pl\/"},{"@type":"ListItem","position":2,"name":"Home Layouts","item":"https:\/\/pomocprawna-kancelariajanczak.pl\/index.php\/home-layouts\/"},{"@type":"ListItem","position":3,"name":"Kancelaria Adrianna Ja\u0144czak"}]},{"@type":"WebSite","@id":"https:\/\/pomocprawna-kancelariajanczak.pl\/#website","url":"https:\/\/pomocprawna-kancelariajanczak.pl\/","name":"Kancelaria Adwokacka Adrianna Ja\u0144czak","description":"Pomoc prawna","publisher":{"@id":"https:\/\/pomocprawna-kancelariajanczak.pl\/#organization"},"potentialAction":[{"@type":"SearchAction","target":{"@type":"EntryPoint","urlTemplate":"https:\/\/pomocprawna-kancelariajanczak.pl\/?s={search_term_string}"},"query-input":{"@type":"PropertyValueSpecification","valueRequired":true,"valueName":"search_term_string"}}],"inLanguage":"pl-PL"},{"@type":"Organization","@id":"https:\/\/pomocprawna-kancelariajanczak.pl\/#organization","name":"Kancelaria Adwokacka Adrianna Ja\u0144czak","url":"https:\/\/pomocprawna-kancelariajanczak.pl\/","logo":{"@type":"ImageObject","inLanguage":"pl-PL","@id":"https:\/\/pomocprawna-kancelariajanczak.pl\/#\/schema\/logo\/image\/","url":"https:\/\/pomocprawna-kancelariajanczak.pl\/wp-content\/uploads\/2025\/01\/cropped-logo_AJ.png","contentUrl":"https:\/\/pomocprawna-kancelariajanczak.pl\/wp-content\/uploads\/2025\/01\/cropped-logo_AJ.png","width":512,"height":512,"caption":"Kancelaria Adwokacka Adrianna Ja\u0144czak"},"image":{"@id":"https:\/\/pomocprawna-kancelariajanczak.pl\/#\/schema\/logo\/image\/"}}]}},"_links":{"self":[{"href":"https:\/\/pomocprawna-kancelariajanczak.pl\/index.php\/wp-json\/wp\/v2\/pages\/11779","targetHints":{"allow":["GET"]}}],"collection":[{"href":"https:\/\/pomocprawna-kancelariajanczak.pl\/index.php\/wp-json\/wp\/v2\/pages"}],"about":[{"href":"https:\/\/pomocprawna-kancelariajanczak.pl\/index.php\/wp-json\/wp\/v2\/types\/page"}],"author":[{"embeddable":true,"href":"https:\/\/pomocprawna-kancelariajanczak.pl\/index.php\/wp-json\/wp\/v2\/users\/1"}],"replies":[{"embeddable":true,"href":"https:\/\/pomocprawna-kancelariajanczak.pl\/index.php\/wp-json\/wp\/v2\/comments?post=11779"}],"version-history":[{"count":33,"href":"https:\/\/pomocprawna-kancelariajanczak.pl\/index.php\/wp-json\/wp\/v2\/pages\/11779\/revisions"}],"predecessor-version":[{"id":987776,"href":"https:\/\/pomocprawna-kancelariajanczak.pl\/index.php\/wp-json\/wp\/v2\/pages\/11779\/revisions\/987776"}],"up":[{"embeddable":true,"href":"https:\/\/pomocprawna-kancelariajanczak.pl\/index.php\/wp-json\/wp\/v2\/pages\/11"}],"wp:attachment":[{"href":"https:\/\/pomocprawna-kancelariajanczak.pl\/index.php\/wp-json\/wp\/v2\/media?parent=11779"}],"curies":[{"name":"wp","href":"https:\/\/api.w.org\/{rel}","templated":true}]}}